{"version":"1.0","provider_name":"Csavarg\u00f3","provider_url":"https:\/\/agota.cafeblog.hu","author_name":"Agota","author_url":"https:\/\/agota.cafeblog.hu\/author\/agota\/","title":"\u00c9denkert","html":"<p style=\"margin: 0.0px 0.0px 0.0px 0.0px;font: 18.0px Helvetica\">Juli nagynehezen felkapaszkodott a ker\u00edt\u00e9sre, hogy jobban l\u00e1sson. \u00c9rdemes volt! Az \u00faj szomsz\u00e9d val\u00f3ban egy csodabog\u00e1r, most is mit m\u0171vel? \u00c1sk\u00e1lja a sz\u00e9pen manik\u0171r\u00f6z\u00f6tt p\u00e1zsitot. Csak ez a kicsi ter\u00fclet maradt a betonv\u00e1ros h\u00e1zai m\u00f6g\u00f6tt, ahol \u00e9l\u0151 f\u00fcvet lehetett tartani. Ennyicske z\u00f6ld maradt az emberek \u00e9let\u00e9ben. Tal\u00e1n Peti is mozaikkal rakja ki az eg\u00e9sz kertet, mint a men\u0151bb utcabeliek? Juli hi\u00e1ba er\u0151ltette a szem\u00e9t, sehol sem l\u00e1tott \u00e9p\u00edt\u0151anyagot, s\u00f3dert, k\u00f6veket, ilyesmit\u2026 Valami m\u00e1sban s\u00e1ntik\u00e1l az \u00faj ember, j\u00f3 lesz r\u00e9sen lenni, gondolta \u00e9s visszasietett a konyh\u00e1ba.<\/p>\r\n<p style=\"margin: 0.0px 0.0px 0.0px 0.0px;font: 18.0px Helvetica\">H\u00e1zvezet\u0151k\u00e9nt el\u00e9g sok dolga lehetett volna, de nem igaz\u00e1n er\u0151ltette meg mag\u00e1t. Tudta, hogy b\u00fcntelen\u00fcl laz\u00edthat, mert hi\u00e1nycikk lett, ma m\u00e1r kevesen szeg\u0151dnek el sokgyerekes csal\u00e1dokhoz. Reggel besz\u00e1ll\u00edtotta a n\u00e9gy gyereket a k\u00e9t iskol\u00e1ba \u00e9s \u00f6v\u00e9 volt a nap! Azt a kis bev\u00e1s\u00e1rl\u00e1st hazafel\u00e9 lebonyol\u00edtotta \u00e9s a munk\u00e1t \u00fagy beosztotta, hogy naponta csak egyet v\u00e9gzett: h\u00e9tf\u0151n mos\u00e1s, kedden porsz\u00edv\u00f3z\u00e1s, cs\u00fct\u00f6rt\u00f6k\u00f6n port\u00f6r\u00f6lget\u00e9s, szerd\u00e1n \u00e9s szombaton beind\u00edtotta a mosogat\u00f3g\u00e9pet, p\u00e9nteken a f\u00fcrd\u0151szob\u00e1kat tette rendbe. ennyi \u00e9s nem t\u00f6bb. Ablakmos\u00e1st nem v\u00e1llalt. A f\u0171ny\u00edr\u00e1st sem. A gyerekeknek kiadta a saj\u00e1t szob\u00e1juk rendben tart\u00e1s\u00e1t, cser\u00e9be nem \u00e1rulkodott r\u00e1juk. Mindenki j\u00f3lj\u00e1rt. A sz\u00fcl\u0151knek, akik ritk\u00e1n mutatkoztak, csak annyi szerep maradt, hogy megteremts\u00e9k ennek a s\u00edm\u00e1n g\u00f6rd\u00fcl\u0151 \u00e9letform\u00e1nak az anyagi alapj\u00e1t.<\/p>\r\n<p style=\"margin: 0.0px 0.0px 0.0px 0.0px;font: 18.0px Helvetica\">Juli m\u00e1r egy hete figyelgette mi t\u00f6rt\u00e9nik a szomsz\u00e9dban, meg sem lep\u0151d\u00f6tt, hogy Peti, ez a csodabog\u00e1r, m\u00e1ra az \u00f6sszes f\u00fcvet elt\u00fcntette, pedig \u0151 tan\u00faskodhat, hogy mennyi verejt\u00e9k\u00e9be \u00e9s idej\u00e9be ker\u00fclt az el\u0151z\u0151 szomsz\u00e9dnak, mire hib\u00e1tlan p\u00e1zsitot var\u00e1zsolt a h\u00e1za m\u00f6g\u00e9. Egysz\u00e1l f\u00fcvecske sem mert kil\u00f3gni a sorb\u00f3l! \u00dagy bizony! Peti mindezt k\u00f6vetkezetesen kiirtotta!<\/p>\r\n<p style=\"margin: 0.0px 0.0px 0.0px 0.0px;font: 18.0px Helvetica\">Fekete f\u00f6ldet ter\u00edtett sz\u00e9t j\u00f3 vastagon, \u00e9s furcsa kis t\u00e9glalapnyi ter\u00fcletekre szabdalta. Zacsk\u00f3kb\u00f3l kimarkolt valamiket dugdosott a t\u00e9glalapok tetej\u00e9re \u00e9s amikor k\u00e9szen lett, hozta az \u00f6nt\u00f6z\u0151-cs\u00f6vet. Juli elk\u00e9pedt. Ha most megint f\u00fcvet n\u00f6veszt, hiszen annak \u00f6nt\u00f6z\u00e9s\u00e9re val\u00f3 a cs\u0151, akkor t\u00e9nyleg bolond ez a Peti. Szebb f\u00fcvet elk\u00e9pzelni sem lehet, mint amit kipuszt\u00edtott, sil\u00e1nyabbat meg minek n\u00f6vesztene? \u00c9s mi\u00e9rt ilyen t\u00e9glalapokban?<\/p>\r\n<p style=\"margin: 0.0px 0.0px 0.0px 0.0px;font: 18.0px Helvetica\">Teltek m\u00faltak a napf\u00e9nyes napok, id\u0151vel m\u00e9giscsak kiz\u00f6ld\u00fcltek a t\u00e9glalapok. De nem \u00e1m egyform\u00e1n, ahogy elv\u00e1rn\u00e1 az ember! M\u00e9g a sz\u00edn\u00fck sem volt egyforma z\u00f6ld! Volt amelyik \u00fagy elburj\u00e1nzott, hogy Juli m\u00e1r f\u0171ny\u00edr\u00f3\u00e9rt akart ki\u00e1ltani, de Peti csak kar\u00f3kat t\u0171zdelt mell\u00e9j\u00fck. Na, ezekre egyb\u0151l felfutott a sok z\u00f6ld inda. M\u00e1sutt kis z\u00f6ld kupacokb\u00f3l t\u00f6rt felfel\u00e9 valami furcsa ny\u00falv\u00e1ny, vagy apr\u00f3, szab\u00e1lytalan f\u00e1csk\u00e1k n\u0151ttek ak\u00e1r t\u00e9rdig is. Legk\u00fcl\u00f6n\u00f6sebb volt a k\u00f6z\u00e9ps\u0151 t\u00e9glalap, ahol minden sorban m\u00e1s sz\u00edn\u0171 n\u00f6v\u00e9nyke ny\u00fajt\u00f3zott felfel\u00e9. Ny\u00e1r k\u00f6zep\u00e9re a z\u00f6ldbe m\u00e1s sz\u00ednek vegy\u00fcltek: kisebb, nagyobb feh\u00e9r, lil\u00e1ba j\u00e1tsz\u00f3, s\u00e1rga, lev\u00e9lk\u00e9k jelentek meg itt-ott a z\u00f6ld k\u00f6z\u00f6tt. Ennek fel sem tr\u00e9fa, gondolta Juli, ez m\u00e1r kics\u00fafol\u00e1sa egy rendes kertnek! A sz\u00ednek nyom\u00e1ban dudorok keletkeztek \u00e9s egyre duzzadtak!<\/p>\r\n<p style=\"margin: 0.0px 0.0px 0.0px 0.0px;font: 18.0px Helvetica\">Peti el\u00e9gedetten j\u00e1rk\u00e1lt \u00fajdons\u00fclt term\u00e9nyei k\u00f6z\u00f6tt. Egy sz\u00e9p napon leszak\u00edtott egy piros labdacsot \u00e9s 'uram bocs\u00e1' a sz\u00e1j\u00e1hoz emelte! Julit \u00e9melyg\u00e9s fogta el a l\u00e1tv\u00e1nyra, de a kiv\u00e1ncsis\u00e1ga odasz\u00f6gezte a ker\u00edt\u00e9shez. Peti szemmel l\u00e1that\u00f3an \u00e9lvezettel r\u00e1gcs\u00e1lta a pirosk\u00e1t \u00e9s sz\u00e9les mosollyal ny\u00fajtott egyet Juli fel\u00e9.<\/p>\r\n<p style=\"margin: 0.0px 0.0px 0.0px 0.0px;font: 18.0px Helvetica\">- K\u00f3stolja meg kedvesem, paradicsom!<\/p>\r\n<p style=\"margin: 0.0px 0.0px 0.0px 0.0px;font: 18.0px Helvetica\">Juli legy\u0151zte f\u00e9lelemmel vegyes undor\u00e1t \u00e9s \u00f3vatosan k\u00e9zbe vette a finom tapint\u00e1s\u00fa, feszes b\u0151r\u0171, \u00e9l\u00e9nkpiros teniszlabd\u00e1t. Nagy leveg\u0151t vett \u00e9s egy \u00e9letem, egy hal\u00e1lom, beleharapott. Az \u00e9des, csak nyomokban savanyk\u00e1s l\u00e9 sz\u00e9tter\u00fclt a sz\u00e1j\u00e1ban \u00e9s felid\u00e9zte a r\u00e9g elfeledett \u00edzlel\u00e9s csikland\u00e1s\u00e1t.<\/p>\r\n<p style=\"margin: 0.0px 0.0px 0.0px 0.0px;font: 18.0px Helvetica\">- Micsoda ez a csoda? Tal\u00e1n m\u00e9g a hajam is visszafeketedik t\u0151le? - k\u00e9rdezte tele sz\u00e1jjal - Ezt az \u00e9rz\u00e9st sosem tapasztalom \u00e9tkez\u00e9skor, pedig gazd\u00e1m\u00e9k a legeg\u00e9szs\u00e9gesebb term\u00e9ket vetetik meg.<\/p>\r\n<p style=\"margin: 0.0px 0.0px 0.0px 0.0px;font: 18.0px Helvetica\">- Tudja, ma m\u00e1r minden \u00e9telt gy\u00e1rilag \u00e1ll\u00edtanak el\u0151, de ez itt a f\u00f6ldben n\u0151tt, az \u00e9ltet\u0151 napsug\u00e1rt\u00f3l van term\u00e9szetes \u00edze - magyar\u00e1zta Peti. K\u00f6rbemutatva kezdte magyar\u00e1zni:<\/p>\r\n<p style=\"margin: 0.0px 0.0px 0.0px 0.0px;font: 18.0px Helvetica\">- Az ott paprika lesz, amott dinnye, ami felfut a kar\u00f3kra, azon hossz\u00fa z\u00f6ldbab cs\u00fcng\u2026 id\u00e9n csak ennyire futotta. K\u00f6z\u00e9pre vir\u00e1gokat vetettem, ami nem mind ehet\u0151, de annyira v\u00e1gytam a sz\u00e9ps\u00e9g\u00fckre! Az \u00faj korm\u00e1ny d\u00f6nt\u00e9se nyom\u00e1n m\u00e1r \u00fajra osztanak magokat. Ha gondolja, tavasszal seg\u00edtek maguknak is.<\/p>\r\n<p style=\"margin: 0.0px 0.0px 0.0px 0.0px;font: 18.0px Helvetica\">Ekkor m\u00e1r a n\u00e9gy gyerek is Juli m\u00f6g\u00f6tt t\u00fcrelmetlenkedett, hogy megkapj\u00e1k az esti adag semleges sz\u00edn\u0171, \u00edztelen pemp\u0151t. Eddig nem m\u00e9ltatt\u00e1k Petit egy pillant\u00e1sra sem, de most az a piros valami \u0151ket is kiv\u00e1ncsiv\u00e1 tette. Peti nekik is aj\u00e1nd\u00e9kozott egy-egy paradicsomot, \u00e9s \u0151k is \u00e9lvezettel r\u00e1gt\u00e1k a furcsa, sosem l\u00e1tott, sosem \u00edzlelt gy\u00fcm\u00f6lcs\u00f6t.<\/p>\r\n<p style=\"margin: 0.0px 0.0px 0.0px 0.0px;font: 18.0px Helvetica\">Este izgatottan v\u00e1rt\u00e1k haza sz\u00fcleiket, mert mindezt \u00e9l\u0151ben akart\u00e1k elmes\u00e9lni. Majdnem \u00e9lf\u00e9l lett, mire az eg\u00e9sz csal\u00e1d megegyezett, hogy j\u00f6v\u0151re elfogadj\u00e1k Peti seg\u00edts\u00e9g\u00e9t \u00e9s \u0151k is \u00e1talak\u00edtj\u00e1k a kertet. M\u00e1snap az iskol\u00e1ban is nagy port kavart, hogy m\u00e9g l\u00e9tezik val\u00f3di kert, ahol \u00e9lelmet termesztenek. A tan\u00e1rok k\u00f6z\u00fcl is csak a leg\u00f6regebbek eml\u00e9keztek ilyesmire, \u0151k is ink\u00e1bb hallom\u00e1sb\u00f3l.<\/p>\r\n<p style=\"margin: 0.0px 0.0px 0.0px 0.0px;font: 18.0px Helvetica\">Fut\u00f3t\u0171zk\u00e9nt terjedt a h\u00edr a milli\u00f3s kisv\u00e1rosban\u2026 valami elkezd\u0151d\u00f6tt, vagy ink\u00e1bb folytat\u00f3dott?<\/p>\r\n<p style=\"margin: 0.0px 0.0px 0.0px 0.0px;font: 18.0px Helvetica\">\u00a0<a href=\"http:\/\/talentummobile.hu\/kreativitas\/kreativitasrol\/145-kreativ-iras-kep-alapjan-12\">http:\/\/talentummobile.hu\/kreativitas\/kreativitasrol\/145-kreativ-iras-kep-alapjan-12<\/a><\/p>","type":"rich"}

Csavargó

Édenkert

<p style="margin: 0.0px 0.0px 0.0px 0.0px;font: 18.0px Helvetica">Juli nagynehezen felkapaszkodott a kerítésre, hogy jobban lásson. Érdemes volt! Az új szomszéd valóban egy csodabogár, most is mit művel? Áskálja a szépen manikűrözött pázsitot. Csak ez a kicsi terület maradt a betonváros házai mögött, ahol élő füvet lehetett tartani. Ennyicske zöld maradt az emberek életében. Talán Peti is mozaikkal rakja ki az egész kertet, mint a menőbb utcabeliek? Juli hiába erőltette a szemét, sehol sem látott építőanyagot, sódert, köveket, ilyesmit… Valami másban sántikál az új ember, jó lesz résen lenni, gondolta és visszasietett a konyhába.</p>
<p style="margin: 0.0px 0.0px 0.0px 0.0px;font: 18.0px Helvetica">Házvezetőként elég sok dolga lehetett volna, de nem igazán erőltette meg magát. Tudta, hogy büntelenül lazíthat, mert hiánycikk lett, ma már kevesen szegődnek el sokgyerekes családokhoz. Reggel beszállította a négy gyereket a két iskolába és övé volt a nap! Azt a kis bevásárlást hazafelé lebonyolította és a munkát úgy beosztotta, hogy naponta csak egyet végzett: hétfőn mosás, kedden porszívózás, csütörtökön portörölgetés, szerdán és szombaton beindította a mosogatógépet, pénteken a fürdőszobákat tette rendbe. ennyi és nem több. Ablakmosást nem vállalt. A fűnyírást sem. A gyerekeknek kiadta a saját szobájuk rendben tartását, cserébe nem árulkodott rájuk. Mindenki jóljárt. A szülőknek, akik ritkán mutatkoztak, csak annyi szerep maradt, hogy megteremtsék ennek a símán gördülő életformának az anyagi alapját.</p>
<p style="margin: 0.0px 0.0px 0.0px 0.0px;font: 18.0px Helvetica">Juli már egy hete figyelgette mi történik a szomszédban, meg sem lepődött, hogy Peti, ez a csodabogár, mára az összes füvet eltüntette, pedig ő tanúskodhat, hogy mennyi verejtékébe és idejébe került az előző szomszédnak, mire hibátlan pázsitot varázsolt a háza mögé. Egyszál füvecske sem mert kilógni a sorból! Úgy bizony! Peti mindezt következetesen kiirtotta!</p>
<p style="margin: 0.0px 0.0px 0.0px 0.0px;font: 18.0px Helvetica">Fekete földet terített szét jó vastagon, és furcsa kis téglalapnyi területekre szabdalta. Zacskókból kimarkolt valamiket dugdosott a téglalapok tetejére és amikor készen lett, hozta az öntöző-csövet. Juli elképedt. Ha most megint füvet növeszt, hiszen annak öntözésére való a cső, akkor tényleg bolond ez a Peti. Szebb füvet elképzelni sem lehet, mint amit kipusztított, silányabbat meg minek növesztene? És miért ilyen téglalapokban?</p>
<p style="margin: 0.0px 0.0px 0.0px 0.0px;font: 18.0px Helvetica">Teltek múltak a napfényes napok, idővel mégiscsak kizöldültek a téglalapok. De nem ám egyformán, ahogy elvárná az ember! Még a színük sem volt egyforma zöld! Volt amelyik úgy elburjánzott, hogy Juli már fűnyíróért akart kiáltani, de Peti csak karókat tűzdelt melléjük. Na, ezekre egyből felfutott a sok zöld inda. Másutt kis zöld kupacokból tört felfelé valami furcsa nyúlvány, vagy apró, szabálytalan fácskák nőttek akár térdig is. Legkülönösebb volt a középső téglalap, ahol minden sorban más színű növényke nyújtózott felfelé. Nyár közepére a zöldbe más színek vegyültek: kisebb, nagyobb fehér, lilába játszó, sárga, levélkék jelentek meg itt-ott a zöld között. Ennek fel sem tréfa, gondolta Juli, ez már kicsúfolása egy rendes kertnek! A színek nyomában dudorok keletkeztek és egyre duzzadtak!</p>
<p style="margin: 0.0px 0.0px 0.0px 0.0px;font: 18.0px Helvetica">Peti elégedetten járkált újdonsült terményei között. Egy szép napon leszakított egy piros labdacsot és 'uram bocsá' a szájához emelte! Julit émelygés fogta el a látványra, de a kiváncsisága odaszögezte a kerítéshez. Peti szemmel láthatóan élvezettel rágcsálta a piroskát és széles mosollyal nyújtott egyet Juli felé.</p>
<p style="margin: 0.0px 0.0px 0.0px 0.0px;font: 18.0px Helvetica">- Kóstolja meg kedvesem, paradicsom!</p>
<p style="margin: 0.0px 0.0px 0.0px 0.0px;font: 18.0px Helvetica">Juli legyőzte félelemmel vegyes undorát és óvatosan kézbe vette a finom tapintású, feszes bőrű, élénkpiros teniszlabdát. Nagy levegőt vett és egy életem, egy halálom, beleharapott. Az édes, csak nyomokban savanykás lé szétterült a szájában és felidézte a rég elfeledett ízlelés csiklandását.</p>
<p style="margin: 0.0px 0.0px 0.0px 0.0px;font: 18.0px Helvetica">- Micsoda ez a csoda? Talán még a hajam is visszafeketedik tőle? - kérdezte tele szájjal - Ezt az érzést sosem tapasztalom étkezéskor, pedig gazdámék a legegészségesebb terméket vetetik meg.</p>
<p style="margin: 0.0px 0.0px 0.0px 0.0px;font: 18.0px Helvetica">- Tudja, ma már minden ételt gyárilag állítanak elő, de ez itt a földben nőtt, az éltető napsugártól van természetes íze - magyarázta Peti. Körbemutatva kezdte magyarázni:</p>
<p style="margin: 0.0px 0.0px 0.0px 0.0px;font: 18.0px Helvetica">- Az ott paprika lesz, amott dinnye, ami felfut a karókra, azon hosszú zöldbab csüng… idén csak ennyire futotta. Középre virágokat vetettem, ami nem mind ehető, de annyira vágytam a szépségükre! Az új kormány döntése nyomán már újra osztanak magokat. Ha gondolja, tavasszal segítek maguknak is.</p>
<p style="margin: 0.0px 0.0px 0.0px 0.0px;font: 18.0px Helvetica">Ekkor már a négy gyerek is Juli mögött türelmetlenkedett, hogy megkapják az esti adag semleges színű, íztelen pempőt. Eddig nem méltatták Petit egy pillantásra sem, de most az a piros valami őket is kiváncsivá tette. Peti nekik is ajándékozott egy-egy paradicsomot, és ők is élvezettel rágták a furcsa, sosem látott, sosem ízlelt gyümölcsöt.</p>
<p style="margin: 0.0px 0.0px 0.0px 0.0px;font: 18.0px Helvetica">Este izgatottan várták haza szüleiket, mert mindezt élőben akarták elmesélni. Majdnem élfél lett, mire az egész család megegyezett, hogy jövőre elfogadják Peti segítségét és ők is átalakítják a kertet. Másnap az iskolában is nagy port kavart, hogy még létezik valódi kert, ahol élelmet termesztenek. A tanárok közül is csak a legöregebbek emlékeztek ilyesmire, ők is inkább hallomásból.</p>
<p style="margin: 0.0px 0.0px 0.0px 0.0px;font: 18.0px Helvetica">Futótűzként terjedt a hír a milliós kisvárosban… valami elkezdődött, vagy inkább folytatódott?</p>
<p style="margin: 0.0px 0.0px 0.0px 0.0px;font: 18.0px Helvetica"> <a href="http://talentummobile.hu/kreativitas/kreativitasrol/145-kreativ-iras-kep-alapjan-12">http://talentummobile.hu/kreativitas/kreativitasrol/145-kreativ-iras-kep-alapjan-12</a></p>
